actor of 466?
False
Is 46 a factor of 1240?
False
Does 26 divide 106?
False
Is 1756 a multiple of 16?
False
Does 287 divide 16902?
False
Does 36 divide 20700?
True
Is 81 a factor of 405?
True
Is 44 a factor of 52430?
False
Is 51 a factor of 1580?
False
Is 2268 a multiple of 81?
True
Is 531 a multiple of 3?
True
Does 5 divide 82?
False
Does 38 divide 1368?
True
Is 2082 a multiple of 25?
False
Is 33764 a multiple of 92?
True
Does 8 divide 880?
True
Is 20 a factor of 800?
True
Is 20 a factor of 2680?
True
Is 1663 a multiple of 24?
False
Is 3322 a multiple of 151?
True
Is 33 a factor of 194?
False
Is 115 a factor of 1265?
True
Is 7363 a multiple of 37?
True
Does 31 divide 1240?
True
Is 10 a factor of 10?
True
Does 13 divide 522?
False
Is 89 a factor of 2912?
False
Is 498 a multiple of 55?
False
Is 8 a factor of 627?
False
Is 172 a multiple of 4?
True
Does 75 divide 1608?
False
Does 43 divide 3698?
True
Is 49104 a multiple of 9?
True
Is 252 a multiple of 7?
True
Does 17 divide 13204?
False
Is 5941 a multiple of 17?
False
Does 12 divide 1094?
False
Is 21 a factor of 21978?
False
Is 16 a factor of 40?
False
Does 13 divide 1573?
True
Does 68 divide 748?
True
Is 63 a factor of 189?
True
Is 14 a factor of 118?
False
Is 5 a factor of 1500?
True
Is 79 a factor of 138171?
True
Does 19 divide 9075?
False
Does 2 divide 221?
False
Is 1101 a multiple of 13?
False
Does 22 divide 1269?
False
Does 57 divide 44022?
False
Does 14 divide 6713?
False
Is 13 a factor of 338?
True
Is 47616 a multiple of 256?
True
Is 2296 a multiple of 83?
False
Is 10648 a multiple of 153?
False
Is 501 a multiple of 73?
False
Is 5 a factor of 218?
False
Does 26 divide 70044?
True
Does 176 divide 3168?
True
Does 6 divide 1199?
False
Is 4 a factor of 280?
True
Does 60 divide 120?
True
Does 46 divide 17210?
False
Is 4743 a multiple of 51?
True
Is 160 a factor of 14715?
False
Does 12 divide 38639?
False
Does 11 divide 2003?
False
Is 13 a factor of 22815?
True
Does 24 divide 5976?
True
Is 2475 a multiple of 11?
True
Does 69 divide 2932?
False
Is 750 a multiple of 15?
True
Is 576 a multiple of 6?
True
Is 64 a factor of 37056?
True
Is 26 a factor of 2275?
False
Is 28 a factor of 63271?
False
Does 6 divide 1620?
True
Is 15 a factor of 13635?
True
Is 1205 a multiple of 17?
False
Does 9 divide 1165?
False
Does 6 divide 7732?
False
Does 22 divide 14102?
True
Is 34 a factor of 69?
False
Is 30 a factor of 1430?
False
Is 725 a multiple of 11?
False
Does 34 divide 505?
False
Is 46 a factor of 176?
False
Is 726 a multiple of 22?
True
Does 51 divide 7339?
False
Does 268 divide 17956?
True
Is 57 a factor of 92739?
True
Is 735 a multiple of 35?
True
Is 179 a factor of 29258?
False
Does 25 divide 2994?
False
Is 29 a factor of 4524?
True
Is 909 a multiple of 17?
False
Is 12259 a multiple of 101?
False
Is 19071 a multiple of 163?
True
Is 11894 a multiple of 38?
True
Is 26 a factor of 351?
False
Is 7 a factor of 38244?
False
Is 7 a factor of 7763?
True
Is 12135 a multiple of 3?
True
Is 60 a factor of 360?
True
Is 46134 a multiple of 13?
False
Does 11 divide 1826?
True
Is 586 a multiple of 15?
False
Is 15 a factor of 30?
True
Is 72549 a multiple of 27?
True
Is 8931 a multiple of 8?
False
Is 86 a factor of 9288?
True
Is 72 a factor of 3822?
False
Does 22 divide 399?
False
Does 44 divide 176?
True
Does 42 divide 4410?
True
Is 20 a factor of 8479?
False
Is 29 a factor of 736?
False
Does 30 divide 5982?
False
Is 2 a factor of 647?
False
Is 25288 a multiple of 49?
False
Is 110 a factor of 5390?
True
Is 14499 a multiple of 95?
False
Is 8 a factor of 36599?
False
Is 5 a factor of 12717?
False
Does 6 divide 67?
False
Is 3 a factor of 131?
False
Is 3360 a multiple of 6?
True
Does 67 divide 2546?
True
Is 18 a factor of 252?
True
Does 82 divide 13448?
True
Is 98 a factor of 24238?
False
Does 41 divide 5930?
False
Is 11 a factor of 1585?
False
Is 26 a factor of 702?
True
Is 3 a factor of 357?
True
Is 13 a factor of 6591?
True
Is 21978 a multiple of 37?
True
Is 30 a factor of 622?
False
Is 43 a factor of 7697?
True
Does 62 divide 248?
True
Does 27 divide 15309?
True
Is 158 a multiple of 20?
False
Is 13 a factor of 4500?
False
Does 10 divide 4480?
True
Is 314 a multiple of 2?
True
Does 110 divide 1980?
True
Does 89 divide 10057?
True
Is 55 a factor of 40865?
True
Does 38 divide 702?
False
Does 19 divide 570?
True
Is 16 a factor of 728?
False
Is 101 a factor of 19592?
False
Is 50 a factor of 13389?
False
Is 30 a factor of 16006?
False
Is 408 a multiple of 24?
True
Does 31 divide 24707?
True
Does 29 divide 321?
False
Does 5 divide 20?
True
Is 4322 a multiple of 44?
False
Does 18 divide 666?
True
Does 31 divide 904?
False
Is 1628 a multiple of 25?
False
Does 18 divide 220?
False
Is 5542 a multiple of 104?
False
Is 71 a factor of 4615?
True
Is 28875 a multiple of 140?
False
Is 34031 a multiple of 25?
False
Does 3 divide 1353?
True
Is 9 a factor of 13311?
True
Does 84 divide 58968?
True
Is 7177 a multiple of 182?
False
Does 35 divide 210?
True
Does 21 divide 777?
True
Is 570 a multiple of 75?
False
Is 2816 a multiple of 46?
False
Is 3549 a multiple of 39?
True
Does 13 divide 6326?
False
Is 1536 a multiple of 16?
True
Is 17 a factor of 1944?
False
Is 6324 a multiple of 62?
True
Does 217 divide 31863?
False
Does 142 divide 426?
True
Is 19 a factor of 12359?
False
Does 16 divide 1676?
False
Does 55 divide 1100?
True
Is 34 a factor of 623?
False
Does 51 divide 6936?
True
Is 10 a factor of 3870?
True
Does 11 divide 2011?
False
Is 5211 a multiple of 9?
True
Is 163 a multiple of 3?
False
Does 7 divide 84?
True
Does 48 divide 7728?
True
Is 29 a factor of 75458?
True
Is 13056 a multiple of 64?
True
Is 10962 a multiple of 126?
True
Is 3 a factor of 2426?
False
Is 18395 a multiple of 67?
False
Is 25561 a multiple of 109?
False
Does 28 divide 1276?
False
Does 506 divide 153098?
False
Is 6950 a multiple of 50?
True
Is 24 a factor of 8760?
True
Is 16 a factor of 544?
True
Is 8228 a multiple of 19?
False
Is 17 a factor of 1241?
True
Is 14 a factor of 3234?
True
Is 4 a factor of 2832?
True
Is 25 a factor of 5057?
False
Is 2923 a multiple of 10?
False
Does 102 divide 12648?
True
Does 71 divide 14200?
True
Does 21 divide 924?
True
Is 4620 a multiple of 30?
True
Is 1858 a multiple of 85?
False
Is 126 a factor of 24822?
True
Is 69 a factor of 828?
True
Does 9 divide 225?
True
Is 1433 a multiple of 104?
False
Does 25 divide 39725?
True
Is 69 a factor of 1805?
False
Does 9 divide 20?
False
Is 926 a multiple of 47?
False
Is 12 a factor of 831?
False
Does 25 divide 9725?
True
Is 14910 a multiple of 21?
True
Does 88 divide 22339?
False
Is 2463 a multiple of 63?
False
Is 25864 a multiple of 44?
False
Is 5 a factor of 4104?
False
Is 460 a multiple of 18?
False
Is 9 a factor of 12699?
True
Is 55 a factor of 220?
True
Is 5928 a multiple of 13?
True
Does 5 divide 750?
True
Is 72 a factor of 50828?
False
Is 9 a factor of 1287?
True
Is 74 a factor of 7030?
True
Is 1372 a multiple of 28?
True
Does 14 divide 154?
True
Is 16 even?
True
Is 340 a factor of 29580?
True
Is 123 a multiple of 2?
False
Does 50 divide 2545?
False
Does 2 divide 47?
False
Is 20 a factor of 19990?
False
Is 4293 a multiple of 16?
False
Is 22 a factor of 1664?
False
Does 35 divide 1015?
True
Does 8 divide 54792?
True
Is 1038 a multiple of 8?
False
Does 156 divide 94357?
False
Does 16 divide 23472?
True
Is 6668 a multiple of 25?
False
Is 3304 a multiple of 13?
False
Is 4 a factor of 910?
False
Is 25256 a multiple of 56?
True
Does 27 divide 807?
False
Is 111 a multiple of 4?
False
Does 13 divide 50037?
True
Is 7 a factor of 17?
False
Is 5 a factor of 5992?
False
Is 29 a factor of 284?
False
Does 20 divide 1680?
True
Is 1390 a multiple of 79?
False
Is 277 a multiple of 26?
False
Is 4646 a multiple of 63?
False
Is 29 a factor of 899?
True
Is 20 a factor of 478?
False
Does 9 divide 7191?
True
Does 280 divide 29923?
False
Does 215 divide 4059?
False
Is 814 a multiple of 37?
True
Does 52 divide 6137?
False
Is 17 a factor of 1547?
True
Is 29 a factor of 580?
True
Does 34 divide 83?
False
Is 16495 a multiple of 129?
False
Is 1876 a multiple of 17?
False
Does 39 divide 975?
True
Is 23861 a multiple of 110?
False
Is 259 a factor of 777?
True
Is 18 a factor of 126?
True
Does 45 divide 856?
False
Is 1